{"id":3329,"date":"2024-01-17T14:03:15","date_gmt":"2024-01-17T13:03:15","guid":{"rendered":"https:\/\/neos.udaf83.fr\/NEOS\/?page_id=3329"},"modified":"2024-02-01T16:26:32","modified_gmt":"2024-02-01T15:26:32","slug":"gt-test","status":"publish","type":"page","link":"https:\/\/neos.udaf83.fr\/NEOS\/?page_id=3329","title":{"rendered":"PROJET INSTITUTIONNEL"},"content":{"rendered":"<h6 class=\"article-title__title\">D\u00e9sol\u00e9, vous n\u2019\u00eates pas autoris\u00e9 \u00e0 acc\u00e9der \u00e0 cette page<\/h6>","protected":false},"excerpt":{"rendered":"","protected":false},"author":104,"featured_media":0,"parent":0,"menu_order":0,"comment_status":"closed","ping_status":"closed","template":"templates\/template-page-full-width.php","meta":{"wpupg_custom_link":[],"wpupg_custom_link_behaviour":[],"wpupg_custom_image":[],"wpupg_custom_image_id":[]},"_links":{"self":[{"href":"https:\/\/neos.udaf83.fr\/NEOS\/index.php?rest_route=\/wp\/v2\/pages\/3329"}],"collection":[{"href":"https:\/\/neos.udaf83.fr\/NEOS\/index.php?rest_route=\/wp\/v2\/pages"}],"about":[{"href":"https:\/\/neos.udaf83.fr\/NEOS\/index.php?rest_route=\/wp\/v2\/types\/page"}],"author":[{"embeddable":true,"href":"https:\/\/neos.udaf83.fr\/NEOS\/index.php?rest_route=\/wp\/v2\/users\/104"}],"replies":[{"embeddable":true,"href":"https:\/\/neos.udaf83.fr\/NEOS\/index.php?rest_route=%2Fwp%2Fv2%2Fcomments&post=3329"}],"version-history":[{"count":12,"href":"https:\/\/neos.udaf83.fr\/NEOS\/index.php?rest_route=\/wp\/v2\/pages\/3329\/revisions"}],"predecessor-version":[{"id":3539,"href":"https:\/\/neos.udaf83.fr\/NEOS\/index.php?rest_route=\/wp\/v2\/pages\/3329\/revisions\/3539"}],"wp:attachment":[{"href":"https:\/\/neos.udaf83.fr\/NEOS\/index.php?rest_route=%2Fwp%2Fv2%2Fmedia&parent=3329"}],"curies":[{"name":"wp","href":"https:\/\/api.w.org\/{rel}","templated":true}]}}