{"id":852,"date":"2021-03-16T10:04:56","date_gmt":"2021-03-16T09:04:56","guid":{"rendered":"https:\/\/www.udaf83.fr\/?page_id=852"},"modified":"2021-10-04T12:24:59","modified_gmt":"2021-10-04T10:24:59","slug":"conseils-dadministrations","status":"publish","type":"page","link":"https:\/\/neos.udaf83.fr\/NEOS\/?page_id=852","title":{"rendered":"CONSEILS D&#8217;ADMINISTRATIONS"},"content":{"rendered":"<h6 class=\"article-title__title\">D\u00e9sol\u00e9, vous n\u2019\u00eates pas autoris\u00e9 \u00e0 acc\u00e9der \u00e0 cette page<\/h6>","protected":false},"excerpt":{"rendered":"","protected":false},"author":104,"featured_media":0,"parent":0,"menu_order":0,"comment_status":"closed","ping_status":"closed","template":"","meta":{"wpupg_custom_link":[],"wpupg_custom_link_behaviour":[],"wpupg_custom_image":[],"wpupg_custom_image_id":[]},"_links":{"self":[{"href":"https:\/\/neos.udaf83.fr\/NEOS\/index.php?rest_route=\/wp\/v2\/pages\/852"}],"collection":[{"href":"https:\/\/neos.udaf83.fr\/NEOS\/index.php?rest_route=\/wp\/v2\/pages"}],"about":[{"href":"https:\/\/neos.udaf83.fr\/NEOS\/index.php?rest_route=\/wp\/v2\/types\/page"}],"author":[{"embeddable":true,"href":"https:\/\/neos.udaf83.fr\/NEOS\/index.php?rest_route=\/wp\/v2\/users\/104"}],"replies":[{"embeddable":true,"href":"https:\/\/neos.udaf83.fr\/NEOS\/index.php?rest_route=%2Fwp%2Fv2%2Fcomments&post=852"}],"version-history":[{"count":7,"href":"https:\/\/neos.udaf83.fr\/NEOS\/index.php?rest_route=\/wp\/v2\/pages\/852\/revisions"}],"predecessor-version":[{"id":2142,"href":"https:\/\/neos.udaf83.fr\/NEOS\/index.php?rest_route=\/wp\/v2\/pages\/852\/revisions\/2142"}],"wp:attachment":[{"href":"https:\/\/neos.udaf83.fr\/NEOS\/index.php?rest_route=%2Fwp%2Fv2%2Fmedia&parent=852"}],"curies":[{"name":"wp","href":"https:\/\/api.w.org\/{rel}","templated":true}]}}